(-14))*(2 - 0)?
2
Suppose w = 36 + 5. Let n = 6 - 4. Suppose -15 = -n*z + w. What is the tens digit of z?
2
Let l = 135 - -6. Let u = 9 + l. What is the tens digit of u?
5
Let p = -21 - -20. Let d be -9*p/3*2. What is the tens digit of (-7 + 85)/(d/4)?
5
Let v be 15/(-35) + (-48)/(-14). Suppose -2*l + 3*r = -148, v*r - 162 = -2*l - 14. What is the units digit of l?
4
Let p = -20 - -20. Suppose 5*n + 4*i - 65 = p, 5*i = -0*n - 2*n + 9. What is the tens digit of n?
1
Let b(m) be the third derivative of -m**4/24 + 2*m**3/3 + 23*m**2. What is the units digit of b(3)?
1
Suppose 2*u - 1570 = -4*b, -2352 = -3*u + 8*b - 13*b. What is the tens digit of u?
7
Suppose 3272 - 1144 = 7*c. Suppose -44*h = -46*h + c. What is the units digit of h?
2
Suppose n + 328 = 3*a, 2*n = 3*a - 192 - 137. Let d = a - -11. Suppose -7*b + 3*b = -d. What is the tens digit of b?
3
Suppose 2*d = -3*s + 12425, 11*s - 4*s = 5*d + 29040. What is the hundreds digit of s?
1
What is the units digit of 5128/24 - 2/(-6)?
4
Let u be (-9)/((-1)/1)*(6 + -7). What is the tens digit of (99/12)/((u/8)/(-3))?
2
Let u(x) = -36*x - 10. Let b be u(-4). Suppose 2*r - b = -10. Let n = -42 + r. What is the tens digit of n?
2
Let q(m) = -3*m - 4. Let l be q(-5). Suppose -l*k = -7*k - 340. What is the tens digit of k?
8
Let d(o) = -o**2 - o + 38. Suppose 0*t = -5*t. Let c = t + 0. What is the tens digit of d(c)?
3
Suppose 3243 = q + 4*u - 1020, 3*q - 12857 = 5*u. What is the thousands digit of q?
4
Let r(j) be the second derivative of -2*j**3/3 + 7*j**2/2 + 4*j. Let x be r(-5). What is the tens digit of 66/(-4)*(-36)/x?
2
Suppose -709 - 71 = -6*f. Let y = -31 + f. What is the units digit of y?
9
Let q(s) = -2*s**2 + 47*s - 5. Let x(r) = 6*r**2 - 140*r + 16. Let a(g) = -11*q(g) - 4*x(g). What is the units digit of a(17)?
4
Let n = -24 + 21. What is the units digit of (n/(-2))/((-5)/(-60))?
8
Suppose 16366 = 5*x + p, 3060 + 218 = x + 5*p. What is the hundreds digit of x?
2
What is the tens digit of -6 + 4 - (-942 + -1)?
4
Suppose 0 = 5*g - 0*g - 20. Suppose 12 = 2*l + 2*l. Suppose 8 = 2*p, -g*p = -l*x - 1 - 3. What is the units digit of x?
4
Let v(l) = 2*l + 2. Let a be v(2). Suppose 3*t - 80 = -2*g + g, -3*t = -4*g + 245. Suppose -g = -a*z + 121. What is the units digit of z?
1
Let j = 24615 - 14301. What is the tens digit of j/90 + (-2)/(-5)?
1
Suppose 0 = -7*k + 7834 - 1121. What is the hundreds digit of k?
9
Let t(k) = -2*k + 41. Let i be t(18). Suppose 4*m - 342 = -i*m. What is the tens digit of m?
3
Let o(m) = -1. Let v(j) = 31*j**2 - j + 2. Let l(i) = -2*o(i) + v(i). What is the hundreds digit of l(2)?
1
Let j = -25 - -43. Let r = 16 - 11. Let m = j - r. What is the tens digit of m?
1
Let f(n) = -21*n**3 + 3*n**2 - n - 4. Let t be f(-2). Suppose -7*b - 24 = -t. What is the tens digit of b?
2
Let c = -1607 - -2457. What is the units digit of c?
0
Let j(r) = -5*r + 4. Let m be j(5). Let o = m - -7. Let w(c) = -c**2 - 13*c + 18. What is the units digit of w(o)?
4
What is the tens digit of (-22865)/(-68) - 2*(-2)/(-16)?
3
Let a be -551*(-4 - -9)/(-5). Suppose 6*l - 664 = l - 2*u, 4*l - a = 5*u. What is the tens digit of l?
3
Let p be (-14129)/(-398) - (0 - 1/2). Let q = 12 - 4. Suppose -4*g = -q*g + p. What is the units digit of g?
9
Suppose -6 = 4*n + 2*v, 5*n - 5*v = 2*n + 15. Suppose n*k - 2*k = -212. What is the tens digit of k?
0
Let c be (1 + (-12)/4)*(-1 + 0). Suppose 59 = f + 2*n - 4*n, -c*n = -10. What is the units digit of f?
9
Let k(v) = -51*v + 262. What is the units digit of k(-29)?
1
Suppose 0 = -h, -2*q + h = -h + 10. What is the units digit of 14 + q - (-4)/(-2)?
7
Let c(z) be the first derivative of -23*z**2/2 + 8*z - 4. Let t(m) = 35*m - 12. Let x(r) = -8*c(r) - 5*t(r). What is the tens digit of x(3)?
2
Let j(d) = 36*d + 183. What is the tens digit of j(35)?
4
What is the tens digit of 16 + -12 - 12315/(-5)?
6
Suppose -4*s = 3*l - 1744, 2*s - 186 - 1550 = -3*l. What is the hundreds digit of l?
5
Suppose 3 = -3*b + 4*b. Suppose -5*y + 114 = 5*d - 321, b*d = 9. Let c = y - 45. What is the tens digit of c?
3
What is the units digit of -1*1*(35 - 496)?
1
Let v(n) = -2*n**2 + 17*n - 1. Let g be v(7). Suppose -z = -g - 15. What is the units digit of z?
5
Let u(h) = 2*h**2 - 2*h - 11. Let t be -6*2/(-30)*20. Suppose -5*j = -3*l + 5, -3*j + t*j = 10. What is the tens digit of u(l)?
2
Suppose 4 = 2*u - 3*a - 7, -3*u = -5*a - 18. What is the tens digit of (-1)/(u - (-4)/(-6)) + 225?
2
Let q = 34 - 31. Suppose -5*a + 20 = q*l - 2*l, 38 = 4*l - a. What is the tens digit of l?
1
Let b(c) = -6*c**2 + 2*c. Let w(k) = 7*k**2 - 2*k + 1. Let v(t) = 4*b(t) + 3*w(t). Let a be v(-4). Let r = a - -83. What is the tens digit of r?
3
Let o = -601 + 3032. Suppose -19*q + o = -6*q. What is the units digit of q?
7
Let d(s) = 5*s**2 + 28*s - 48. What is the thousands digit of d(17)?
1
Let f = -57 + 120. Let x be (-12)/(-7)*f/6. Suppose i - x = 6. What is the tens digit of i?
2
Suppose -182*w + 192*w = 10240. What is the tens digit of w?
2
Let x(a) = -4*a**3 + 3*a**2 - a + 2. Let q be x(2). Suppose -3*t + 3 = 21. Let w = t - q. What is the tens digit of w?
1
What is the hundreds digit of (-1020)/(-50)*25/2?
2
Suppose -g = 4*f - 3 - 6, -5*g - 2*f = -27. Suppose -4*w - 2*b - 20 = 2*b, g*b = -w - 13. What is the units digit of (26/3)/(w/(-9))?
6
Let c = -30 - -20. Let i = 6 + c. What is the units digit of i/14 + 176/28?
6
Let x(c) = -c**2 - 11*c - 13. Suppose 5*r = 2*r - 27. Let d be x(r). What is the units digit of 10*(1 - (-7)/d)?
4
Suppose -2*l + 4*j + 2078 = 0, -5*j = 4*l - 2*j - 4178. What is the tens digit of l?
4
Suppose -2*h + 1909 = 5*n - 12555, -3*n + 4*h + 8668 = 0. What is the tens digit of n?
9
Let j = -120 + 168. What is the units digit of 2/1 + 13 + j?
3
Let d(w) = -10*w. Let a be d(-6). Suppose -2*u - a = -2*b, 0*b - 3*u = 4*b - 141. What is the units digit of b?
3
Let r(q) be the first derivative of q**5/30 - q**4/12 - 2*q**3/3 - 5*q**2/2 + 1. Let b(n) be the second derivative of r(n). What is the units digit of b(-3)?
0
Suppose d + 2*h - 1715 = 0, -19*d + 2*h - 8551 = -24*d. What is the hundreds digit of d?
7
Let h = -384 - -2239. What is the units digit of h?
5
Suppose 882 = 2*y - 648. Suppose 0 = 428*c - 423*c - y. What is the units digit of c?
3
Suppose q - 3*q = -5*n - 533, -3*n - 539 = -2*q. Suppose -z + 3*z - 2*w = 140, -4*z - 2*w = -q. What is the tens digit of z?
6
Let o = 16 - 32. Let k = 46 + o. What is the tens digit of k?
3
Suppose 0 = -29*o + 43*o. Let m = -1 + 1. Suppose m = -o*f - 4*f + 4. What is the units digit of f?
1
What is the tens digit of (6 + 0)/(-1) - 782*-1?
7
Let t be (-44)/(-10) + (-4)/10. Let g(b) = 3*b**3 + 3*b**2 + 24. Let f(h) = -h**3 - h**2. Let k(z) = t*f(z) + g(z). What is the tens digit of k(0)?
2
Suppose -3*q - 3*v = -75, -q = -5*q + 4*v + 68. Suppose s + 180 = q*s. What is the units digit of s?
9
Let a = -8 + 14. Let z(y) = y**3 - 6*y**2 + 12*y + 14. What is the units digit of z(a)?
6
Suppose 0 = -4*b + o - 3*o - 10, 2*o = b - 10. Suppose b = -v + 5*v + 4. What is the tens digit of v - (-41 + -4 + 4)?
4
Let f be (3 + 10/(-4))*-18. What is the units digit of (f - -38)/(3 - 2)?
9
Suppose -k + 27 + 40 = 0. Let b = 53 + k. What is the hundreds digit of b?
1
Let k(h) = h**3 + 14*h**2 + 12*h + 15. Let x be k(-12). Suppose x + 168 = 3*r. What is the tens digit of r?
0
Let b be (-15)/2*16/3. What is the units digit of (3 + -2 + -2)*b?
0
Let a(g) = -17*g - 16. What is the units digit of a(-2)?
8
Suppose -5*y = -0*y. Suppose 0 = 4*x - 8, 4*u + y*x - 2*x + 44 = 0. Let k = u + 11. What is the units digit of k?
1
Let k = 53 + -13. Let a = 70 - k. Suppose -73 = -5*q + 5*y + 32, -2*q + a = y. What is the tens digit of q?
1
Let n = -10 + 17. Let g(y) = y**2 - 6*y + 2. Let t be g(n). Let s = t - -13. What is the units digit of s?
2
Let t(x) = -2*x**2 - 9*x - 2. Let r be t(-4). What is the units digit of (86/r)/(-1)*-2?
6
Suppose j = 25 + 105. Suppose -j*t = -135*t + 325. What is the units digit of t?
5
Let g(b) = -21*b + 55. What is the tens digit of g(-68)?
8
Let s be (-1926)/45 - 1/5. What is the units digit of s/(-4)*(0 + 3 + 5)?
6
Let i(f) = 6*f**2 - 17*f - 97. What is the hundreds digit of i(-15)?
5
Suppose a - 9 = -5. Suppose a*q - 2*q = 122. Suppose q = -5*z + 